x) = 43*x - 7. Let y(n) = -n + 1. Let i(j) = -w(j) - 4*y(j). Let c be (-63)/28 - 3/4. Let t be i(c). Calculate the greatest common factor of 15 and t.
15
Let g be (0 + -4)*3/(-4). Let q be (-7)/(4/(-60)*g). What is the highest common divisor of q and 14?
7
Suppose 42*x = 9*x + 3960. What is the greatest common divisor of 15 and x?
15
Let m = 18 + 81. Suppose 11*y - 7*y - 44 = 0. What is the greatest common factor of m and y?
11
Let s(h) = 2*h**2 - 19*h + 27. Let t be s(9). Let o = -25 + 43. Calculate the highest common divisor of o and t.
18
Let x = -4109 - -4129. Suppose 15 = 5*c, 3*c = -5*g + 2*g + 3. Let n be 1 + 0 + 51 + g. Calculate the highest common factor of n and x.
10
Let k = 104 + 1. What is the greatest common divisor of k and 45?
15
Let w(f) = -220*f - 385. Let k be w(-5). What is the greatest common factor of 110 and k?
55
Let p(t) = -t**3 + 9*t**2 + 11*t - 26. Let l be p(6). What is the highest common factor of l and 4?
4
Suppose 14*a - 13*a - 4 = 0. Let d(q) = -q**2 - q**3 - 2*q - a*q**2 - 2 - 2. Let u be d(-5). What is the highest common factor of 12 and u?
6
Let u be 4/(-6)*(-1587)/46. Let v be u/3 - 6/(-18). Calculate the highest common factor of v and 32.
8
Let q = 62 + -54. Suppose -9*g + q*g = -11. What is the greatest common divisor of g and 11?
11
Let i(t) = -13*t - 68. Let w be i(-10). Let y = 66 - w. Calculate the highest common divisor of y and 16.
4
Let a(w) = w - 3. Let p be a(4). Let h(x) = 9 + 4*x - p - 17. Let c be h(6). What is the greatest common divisor of 5 and c?
5
Suppose 3*a = 2*w - 230, 0*w + 345 = 3*w - a. Let g be -1*(-998)/10 + 23/w. What is the highest common divisor of 20 and g?
20
Let z(m) = 2*m**2 + 2*m. Let q = 6 - 4. Let r be z(q). Calculate the highest common factor of r and 12.
12
Let z be 1 + 8*3 + -1. Let u(h) = 2*h**3 - 36*h**2 - 35*h - 45. Let o be u(19). Calculate the greatest common factor of z and o.
12
Suppose -4*h - 350 = -9*h. Let s(c) = c**3 - 9*c**2 + 9*c + 6. Suppose 0*l = 5*l - 40. Let d be s(l). Calculate the highest common factor of d and h.
14
Let g be (-6)/((-144)/132)*(1 - -1). What is the highest common factor of g and 638?
11
Suppose -30*x + 29*x + 11 = 0. Let m(a) = -a**3 + 12*a**2 - 13*a + 23. Let b be m(x). Calculate the greatest common divisor of b and 7.
1
Let v = -950 + 992. Calculate the highest common factor of 609 and v.
21
Let s be 955 + -134 - 1*(-5 + 2). Calculate the greatest common factor of 16 and s.
8
Let d(x) = -8*x - 92. Let a be d(-16). Calculate the greatest common divisor of 24 and a.
12
Let i = -14 - -16. Suppose 0 = -5*h + i*z + 67, -2*h + 0*z + z + 27 = 0. Suppose -52 = u - 2*u. What is the highest common factor of u and h?
13
Let w be (6/9)/((-6)/(-423)). Let d(k) = 5*k - 2. Let t be d(-6). Let y = t + w. What is the highest common factor of 165 and y?
15
Let v = 537 + -505. Calculate the greatest common factor of 752 and v.
16
Suppose -249*l + 315 = -242*l. Calculate the highest common divisor of 5 and l.
5
Let a = 0 - -3. Let x = -1 + a. Suppose -f - c = -x*c - 7, 0 = 3*f - c - 21. What is the greatest common divisor of 63 and f?
7
Suppose 4*b + 108 = -4*k + 340, 2*b - 101 = -5*k. Let l = 59 + -23. Calculate the highest common factor of l and b.
9
Let p = -702 - -762. Suppose -2*g + 3 = 1. Let v be ((-6)/(-9))/(g/36). What is the greatest common divisor of p and v?
12
Suppose 138 = 5*y + 28. Let x = -23893 + 23959. Calculate the greatest common factor of x and y.
22
Suppose -2*s + 4*s - 32 = 0. Let h = -263 - -327. What is the greatest common divisor of s and h?
16
Let i(q) = -q + 108. Let d = 76 + -76. Let v be i(d). Calculate the highest common divisor of 72 and v.
36
Let y be 362/(-4) + (-42)/28. Let c = y + -63. Let q = 342 + c. Calculate the highest common factor of q and 17.
17
Suppose 227 = q + 3*k + 2, -15 = 3*k. Suppose 5*f = 3*v - 228, v + 2*v - f = q. Calculate the greatest common divisor of v and 9.
9
Suppose -3*f + 82 = -158. What is the highest common divisor of 260 and f?
20
Suppose 949 = -3*g + 4*g. Calculate the greatest common factor of g and 13.
13
Let s(c) = -2*c**2 + 66*c + 40. Let z be s(27). What is the greatest common divisor of z and 56?
28
Suppose -t + 5*t = 8. Suppose u = 2 + t. Calculate the highest common factor of 12 and u.
4
Let i(z) = -z**3 + 6*z**2 - 2*z - 3. Let y be i(4). Let a be (2 + 3 - -9)*(-30)/(-2). Calculate the highest common divisor of y and a.
21
Let a be (9/(-3) - -2) + 10. Suppose 4*k - u - 3 = 0, -4*k - 2*u - u = a. Let x be (k/2 - -1)*22. What is the highest common factor of x and 44?
22
Let m(c) = 3*c**3 - 13*c**2 - 6*c - 13. Let d be m(5). Suppose 3*n + 76 = 7*n + 4*h, -h - 23 = -2*n. Calculate the highest common factor of n and d.
7
Let b = 5 + -4. Let y be (18 + 0 - -1) + b. Let r = -74 - -124. What is the greatest common divisor of r and y?
10
Suppose 4*k - 501 = 3*s, -22*k + 27*k = 4*s + 626. What is the highest common factor of 54 and k?
18
Suppose -975 = -3*j - 45*c + 48*c, -25 = 5*c. What is the highest common factor of j and 448?
64
Let x be 1 + -4 + (8 - -93) + 7. What is the highest common factor of 147 and x?
21
Let p = -45 + 103. Calculate the highest common factor of p and 261.
29
Suppose 3*t + 4*b - 114 = 0, 4*b = -3*t + 3*b + 114. Suppose -5*x + 1330 = -0*x. Calculate the greatest common factor of x and t.
38
Suppose 3*h - 906 = -4*o, -4*o = -5*o + 5*h + 215. What is the greatest common divisor of 5 and o?
5
Let l be (-105)/630 - (-55)/6. Let f = 2 + -2. Suppose -n + 2*w - 4 = -53, n + 2*w - 41 = f. Calculate the highest common divisor of l and n.
9
Let o be (6 + (-90)/6)*(-4)/3. Let j be (-89 - -1)*9/(-6). Calculate the greatest common factor of j and o.
12
Let f = -33 - -55. Calculate the highest common divisor of 4 and f.
2
Suppose 0 = -4*p - 5*a - 17, -3*p - 14 = -0*p + 4*a. Suppose 1309 = 5*t - p*i, 5*t - 1042 = t - i. What is the highest common factor of t and 29?
29
Suppose 0 = -2*y + 11 + 15. Suppose -12*g = -4*g - 832. What is the greatest common divisor of g and y?
13
Let u be 6/9 - 20/(-6). Suppose -5*l + 14 = u. Let q = -25 - -33. Calculate the highest common factor of q and l.
2
Suppose -4*k = 4 - 0, -5*d - k = 751. Let p = -100 - d. Calculate the highest common factor of 20 and p.
10
Let a = -100 - -34. Let l = 146 + a. Calculate the highest common divisor of 20 and l.
20
Suppose 4 = -x + 24. Let p = 29 - x. Let i = 1 + 2. Calculate the greatest common factor of p and i.
3
Let b be 2 + -1 + -3 + 3. Let c(q) = 2*q - 61. Let a be c(0). Let v = a - -70. Calculate the highest common divisor of v and b.
1
Suppose 5*m - 200 = -5*q, -2*m + 15 = q - 63. Calculate the greatest common factor of 171 and m.
19
Let b be (-2595)/(-18) - (-1)/(-6). Suppose 50*u - b = 46*u. Calculate the highest common factor of 12 and u.
12
Let s be (-6)/18 + (-32)/(-6). Suppose 5*h - 7 = y - 32, -h - s = 3*y. Let m be -7 - (y - 4) - -83. What is the highest common divisor of 32 and m?
16
Let y(n) = -n**2 + 14. Let z be y(0). Let d be (-1 - -48) + z + -10. What is the greatest common factor of d and 153?
51
Let k(b) = 12*b**2 + 2. Let x be k(3). Let v(a) = -a**3 - 8*a**2 + 20*a + 10. Let n = -29 - -19. Let q be v(n). What is the highest common divisor of x and q?
10
Suppose -r = 4*b - 3, 5*b + 3 = r + 27. Let m be (-9)/(-12) + r/12. Suppose -5*c + c + 16 = m. Calculate the greatest common factor of 2 and c.
2
Suppose -6*y = -8*y - 20. Let u be ((-2)/8*y)/(4/8). Calculate the highest common factor of u and 40.
5
Let i(t) = t**3 + 8*t**2 - t - 11. Let b be i(-8). Let v = -2 - b. Calculate the highest common factor of v and 8.
1
Let c be (2/1)/(-2)*-15. Let j(p) = -p - 1. Let y be j(-6). Calculate the highest common divisor of c and y.
5
Let y(b) = -13*b**3 - b**2 - 2*b. Let g be y(-1). Let m = -31 + 52. Calculate the highest common divisor of g and m.
7
Suppose -r + r = -4*r. Suppose 5*x - 71 + 66 = r. Calculate the greatest common factor of 9 and x.
1
Suppose 4*h + 5*i - 3*i = 52, -4*i = -h + 31. Suppose 3*l - l = 3*s + 30, 15 = l - 3*s. Calculate the highest common factor of h and l.
15
Let s = 1438 + -1254. What is the highest common divisor of s and 24?
8
Let v be ((-8)/(-16))/(-1*(-1)/2). Let g be 2/(2/26*v). Let s be ((-78)/(-8))/(2/8). What is the highest common factor of g and s?
13
Let h